er when 2/(-6) + (-11818)/(-57) is divided by 43.
35
Let b = -138 + 263. What is the remainder when b is divided by 22?
15
Let x = -2219 + 2815. What is the remainder when x is divided by 155?
131
Let n = -462 + 846. What is the remainder when n is divided by 35?
34
Let u be (-19)/1 + 3 + -2. Let i = u - -23. Let w = i - 0. What is the remainder when w is divided by 3?
2
Calculate the remainder when -3*(2860/(-36) + 22/(-99)) is divided by 10.
9
Let q be (-1 - 2)*5/5. Let y(j) = -9*j + 6. Calculate the remainder when y(q) is divided by 9.
6
Let z(k) be the first derivative of -7*k**2/2 + 59*k - 24. What is the remainder when (-338)/(-18) + 2/9 is divided by z(7)?
9
Suppose -2 = -0*n + 2*n. Suppose -3*g + 25 = -14. Calculate the remainder when g is divided by (-5)/5*n + 3.
1
Let q be (-33 + 35)*(-11)/2. Let i = q - -60. What is the remainder when i is divided by 4/(-14) - 200/(-14)?
7
Suppose 5*l - 22 = z, -1 = -2*z - 3*l + 20. Suppose 0 = -4*o - 5*w + 47, -z*o + 49 - 13 = 4*w. What is the remainder when 11 is divided by o?
3
Suppose 2*m = 11 + 3. What is the remainder when 24 is divided by m?
3
Let p = -1 - -14. Let a(o) = o**2 - o - 2. Suppose 0 = -t + 3. Calculate the remainder when p is divided by a(t).
1
Calculate the remainder when 690 is divided by (12690/78)/15 + 4/26.
8
Let m(z) = -2*z**3 + 18*z**2 - 29*z + 30. What is the remainder when 273 is divided by m(7)?
20
Let d = 2187 + -2166. Calculate the remainder when 349 is divided by d.
13
Let x(o) = 5*o**2 - 4*o + 3. Suppose 0 = -7*y - 41 + 440. Calculate the remainder when y is divided by x(2).
12
Suppose -6*s + 13 + 29 = 0. Suppose -2*z - 27 = -l - 75, 0 = -3*z + 4*l + 62. Calculate the remainder when z is divided by s.
5
Suppose 0 = -4*x + 8 - 0. Calculate the remainder when (-42)/(-4) + (-1)/(-2) is divided by x.
1
Let q be -55 + 4 - (6/3)/2. Let r = q - -62. Calculate the remainder when 27 is divided by r.
7
Suppose -5*c - 24 + 1429 = 0. Calculate the remainder when c is divided by 15.
11
Suppose -7*z + 5*z = 2*l + 4, 0 = l + 2*z + 4. Suppose -9*f - 2*f + 253 = l. Calculate the remainder when 228 is divided by f.
21
What is the remainder when (-151*(-6)/(-18))/(2/(-6)) is divided by 61?
29
What is the remainder when 184 is divided by ((-126)/8 + (-1)/(-4))*-2?
29
Let q(j) = -3*j**2 + 20*j - 16. What is the remainder when 130 is divided by q(3)?
11
Let j be (2/(-5))/(1/(-60)). Suppose 2*u + 2*u = j. Suppose -7*q + u*q = -7. What is the remainder when q is divided by 2?
1
Let h = -691 + 756. Calculate the remainder when h is divided by 14.
9
Let t be 1 + 3 - 3 - (-93 + 4). Let m = t - 59. Calculate the remainder when 121 is divided by m.
28
Suppose -9*a + 16*a + 336 = 0. Let t = a + 91. Calculate the remainder when t is divided by (1/(-3) + 0)*-69.
20
Let z(r) = 7*r**3 - r**2 + r - 1. What is the remainder when 15 is divided by z(1)?
3
Let z = 13 - 4. Suppose -4*k - 10 = -z*k - 3*o, 2*o + 6 = 3*k. Calculate the remainder when 2*-1*(-17)/k is divided by 5.
2
Let x = 24 - 19. Let u(w) = 2*w**2 - 10*w + 12. What is the remainder when 46 is divided by u(x)?
10
Suppose -8 = -3*t + 4. Calculate the remainder when t is divided by ((-4)/(-5))/(18/45).
0
Suppose 5*b - n - 124 = 0, -4*b + 104 = -54*n + 52*n. What is the remainder when 94 is divided by b?
22
Let v = -1270 + 1303. Calculate the remainder when 212 is divided by v.
14
What is the remainder when 209 is divided by 108/(-144) + 283/4?
69
Suppose -4*b = -3*r + 37, -5*r + 2*b + 39 = -4. Let p = 15933 - 15928. Calculate the remainder when r is divided by p.
2
Let h = -486 - -503. Suppose 4*v = -0*v + 5*p + 190, 5*v - 5*p - 240 = 0. What is the remainder when v is divided by h?
16
Let x(f) = 14*f**2 + 22*f + 21. Suppose 4*i - 32 = -i + 3*g, i - 3*g = 4. What is the remainder when x(-1) is divided by i?
6
Let a be (-24)/(-20)*30/9. Suppose 2*o + 38 = a*o. Suppose 4*j - 16 - o = -g, -4*g - 3*j + 88 = 0. Calculate the remainder when g is divided by 5.
4
Let d(f) = f**2 - 2*f. What is the remainder when 325 is divided by d(-2)?
5
Calculate the remainder when 69 is divided by (-828)/(-52) + 3/39.
5
Let z = 33 + -19. Calculate the remainder when 17 is divided by (-5)/1 + (5 - 3) + z.
6
Calculate the remainder when (114/(-24)*1)/(2/(-16)) is divided by 30.
8
Suppose -135 = 3*p - 3*j - 393, 2*j = -3*p + 268. Suppose w - x = x + p, -w = -x - 87. What is the remainder when w is divided by 22?
20
Let g(l) = 5*l. Let h be -3 + (-8 - -12) + 1*3. Let o(x) = x**2 - 7*x + 15. What is the remainder when g(1) is divided by o(h)?
2
Suppose 4*u + 4*b + 150 = 7*u, -u + 45 = -3*b. Let h = u - 51. What is the remainder when 12 is divided by h?
0
Suppose 118 = -7*w + 174. Let i = -7 + 43. Calculate the remainder when i is divided by w.
4
Let l(v) = v**3 - v**2 + 2*v + 14. Let k = 12 + -17. Let i be (-2)/k - (-18)/(-45). Calculate the remainder when 41 is divided by l(i).
13
Let m = -180 + 247. Calculate the remainder when m is divided by 7.
4
Suppose -4*q - 4*a = -6*q + 38, -3*q + 4*a + 47 = 0. What is the remainder when 10*(q/(-6) - -5) is divided by 19?
16
Suppose -3*j + 2510 = 2375. Calculate the remainder when 82 is divided by j.
37
Suppose -28*v + 28216 = -20700. Calculate the remainder when v is divided by 92.
91
Let w(x) be the third derivative of 2*x**5/15 + 5*x**4/24 - 2*x**3/3 - x**2. What is the remainder when w(3) is divided by 14?
13
Suppose -y + 1 = 0, 2*y + 102 = 3*g + g. Calculate the remainder when g is divided by 14.
12
Suppose -3*p + 8*p - 690 = 5*k, -3*p - k + 430 = 0. What is the remainder when p is divided by 37?
31
Suppose k = -3*k - 276. Let x = -45 - k. Calculate the remainder when x is divided by 13.
11
Let q(i) = i**3 + 4*i**2 + i - 3. Let k be q(-2). Let m = -22 - k. Let a = -17 - m. Calculate the remainder when 21 is divided by a.
5
Suppose 0 = 2*v - v + 5*z - 220, -10 = -2*z. What is the remainder when v is divided by 49?
48
Suppose -10*p = -7*p + 2*o - 174, p - 75 = 5*o. Calculate the remainder when 178 is divided by p.
58
Suppose 0 = -4*t + 5*j - 10*j + 122, 2*t - 3*j - 50 = 0. Calculate the remainder when 193 is divided by t.
25
Calculate the remainder when 80 is divided by (-9)/(54/(-12)) + 8/2.
2
What is the remainder when -1 + (10 - (-10)/10) is divided by (-2)/(-3) + (-20)/(-6)?
2
What is the remainder when 124 is divided by (39 + -1 - -2) + -7?
25
Suppose -4*w + 431 = -41. Let l = w + -55. Calculate the remainder when l is divided by 16.
15
Let p = 22 + -25. Let v(j) = -24*j - 6. What is the remainder when v(p) is divided by 17?
15
Let b(m) = -46*m - 128. Calculate the remainder when 209 is divided by b(-3).
9
Let y be (1 - 4) + 4*3/2. Suppose p - 5*m = 36, 53 = y*p + m - 39. Calculate the remainder when p is divided by 10.
1
Suppose -4*f + 46 = -5*w, f = 3*f + 3*w - 34. Calculate the remainder when f is divided by 8.
6
Let n = -1658 + 1675. What is the remainder when 625 is divided by n?
13
Let i(p) = 8*p - 19. Suppose -2*n = -3*a + 15, a - 4*n + 2 + 3 = 0. Let m = 3 - -10. What is the remainder when i(a) is divided by m?
11
Let k(t) = -t**3 - 15*t**2 - 16*t - 22. Let h(l) = l**3 - 7*l**2 + 3*l + 4. Let b be h(6). What is the remainder when 17 is divided by k(b)?
5
Suppose 6*h = 28*h - 594. What is the remainder when 72 is divided by h?
18
Calculate the remainder when -5 - (-120)/18 - (-1648)/3 is divided by 8.
7
Suppose 79 = 3*f - 50. Let d = f + -32. Let p = -24 - -45. What is the remainder when p is divided by d?
10
Let q(b) = 8*b**2 - 89*b - 6. Calculate the remainder when q(16) is divided by 62.
60
Suppose -7*k + k = -9*k + 51. Calculate the remainder when (6/3)/(-1) - -51 is divided by k.
15
What is the remainder when 2 + (-5)/(30/(-18)) + 138 is divided by 18?
17
Let b = -46 - -77. Let v = b + -11. What is the remainder when 51 is divided by v?
11
Let k be 7480/(-286) - (-1)/(26/4). Let r(x) = x**3 + 26*x**2 - 5*x + 5. Calculate the remainder when r(k) is divided by (-1 + -16)*(-2 + 0).
33
Suppose -t = 4*y - 32 + 12, -8*y + 24 = 0. Let j(k) = -15*k + 1. Calculate the remainder when j(-3) is divided by t.
6
Let h(y) = y**3 - 8*y**2 + 8. Let q be h(8). Suppose -q*t + 7*t + 65 = 0. Let j = t + 22. Calculate the remainder when j is divided by 22.
21
Suppose -4*i + 2*x - 88 = -0*x, -3*i + 2*x = 68. Let k = 204 + i. 